[INFO] fetching crate ekiden-grpcio 0.3.2...
[INFO] building ekiden-grpcio-0.3.2 against master#881c1ac408d93bb7adaa3a51dabab9266e82eee8 for issue-85264
[INFO] extracting crate ekiden-grpcio 0.3.2 into /workspace/builds/worker-9/source
[INFO] validating manifest of crates.io crate ekiden-grpcio 0.3.2 on toolchain 881c1ac408d93bb7adaa3a51dabab9266e82eee8
[INFO] running `Command { std: "/workspace/cargo-home/bin/cargo" "+881c1ac408d93bb7adaa3a51dabab9266e82eee8" "metadata" "--manifest-path" "Cargo.toml" "--no-deps", kill_on_drop: false }`
[INFO] started tweaking crates.io crate ekiden-grpcio 0.3.2
[INFO] removed 0 missing examples
[INFO] finished tweaking crates.io crate ekiden-grpcio 0.3.2
[INFO] tweaked toml for crates.io crate ekiden-grpcio 0.3.2 written to /workspace/builds/worker-9/source/Cargo.toml
[INFO] running `Command { std: "/workspace/cargo-home/bin/cargo" "+881c1ac408d93bb7adaa3a51dabab9266e82eee8" "generate-lockfile" "--manifest-path" "Cargo.toml" "-Zno-index-update", kill_on_drop: false }`
[INFO] running `Command { std: "/workspace/cargo-home/bin/cargo" "+881c1ac408d93bb7adaa3a51dabab9266e82eee8" "fetch" "--manifest-path" "Cargo.toml", kill_on_drop: false }`
[INFO] [stderr] warning: An explicit [[example]] section is specified in Cargo.toml which currently
[INFO] [stderr] disables Cargo from automatically inferring other example targets.
[INFO] [stderr] This inference behavior will change in the Rust 2018 edition and the following
[INFO] [stderr] files will be included as a example target:
[INFO] [stderr] 
[INFO] [stderr] * /workspace/builds/worker-9/source/examples/log_util.rs
[INFO] [stderr] 
[INFO] [stderr] This is likely to break cargo build or cargo test as these files may not be
[INFO] [stderr] ready to be compiled as a example target today. You can future-proof yourself
[INFO] [stderr] and disable this warning by adding `autoexamples = false` to your [package]
[INFO] [stderr] section. You may also move the files to a location where Cargo would not
[INFO] [stderr] automatically infer them to be a target, such as in subfolders.
[INFO] [stderr] 
[INFO] [stderr] For more information on this warning you can consult
[INFO] [stderr] https://github.com/rust-lang/cargo/issues/5330
[INFO] [stderr]  Downloading crates ...
[INFO] [stderr]   Downloaded grpcio v0.3.2
[INFO] [stderr]   Downloaded protobuf-codegen v2.0.6
[INFO] [stderr]   Downloaded protobuf v2.0.6
[INFO] [stderr]   Downloaded grpcio-compiler v0.3.0
[INFO] [stderr]   Downloaded grpcio-proto v0.3.0
[INFO] [stderr]   Downloaded ekiden-grpcio-sys v0.2.4
[INFO] [stderr]   Downloaded grpcio-sys v0.3.2
[INFO] running `Command { std: "docker" "create" "-v" "/var/lib/crater-agent-workspace/builds/worker-9/target:/opt/rustwide/target:rw,Z" "-v" "/var/lib/crater-agent-workspace/builds/worker-9/source:/opt/rustwide/workdir:ro,Z" "-v" "/var/lib/crater-agent-workspace/cargo-home:/opt/rustwide/cargo-home:ro,Z" "-v" "/var/lib/crater-agent-workspace/rustup-home:/opt/rustwide/rustup-home:ro,Z" "-e" "SOURCE_DIR=/opt/rustwide/workdir" "-e" "CARGO_TARGET_DIR=/opt/rustwide/target" "-e" "CARGO_HOME=/opt/rustwide/cargo-home" "-e" "RUSTUP_HOME=/opt/rustwide/rustup-home" "-w" "/opt/rustwide/workdir" "-m" "1610612736" "--user" "0:0" "--network" "none" "ghcr.io/rust-lang/crates-build-env/linux@sha256:20528e8c29e4536546f0102ce88568b16ea7538393a33fcca951030f7af10457" "/opt/rustwide/cargo-home/bin/cargo" "+881c1ac408d93bb7adaa3a51dabab9266e82eee8" "metadata" "--no-deps" "--format-version=1", kill_on_drop: false }`
[INFO] [stdout] ba70d5151db2a834d329d10c28040c8bac00b08ac19f315ec67a65dda0109211
[INFO] [stderr] WARNING: Your kernel does not support swap limit capabilities or the cgroup is not mounted. Memory limited without swap.
[INFO] running `Command { std: "docker" "start" "-a" "ba70d5151db2a834d329d10c28040c8bac00b08ac19f315ec67a65dda0109211", kill_on_drop: false }`
[INFO] running `Command { std: "docker" "inspect" "ba70d5151db2a834d329d10c28040c8bac00b08ac19f315ec67a65dda0109211", kill_on_drop: false }`
[INFO] running `Command { std: "docker" "rm" "-f" "ba70d5151db2a834d329d10c28040c8bac00b08ac19f315ec67a65dda0109211", kill_on_drop: false }`
[INFO] [stdout] ba70d5151db2a834d329d10c28040c8bac00b08ac19f315ec67a65dda0109211
[INFO] running `Command { std: "docker" "create" "-v" "/var/lib/crater-agent-workspace/builds/worker-9/target:/opt/rustwide/target:rw,Z" "-v" "/var/lib/crater-agent-workspace/builds/worker-9/source:/opt/rustwide/workdir:ro,Z" "-v" "/var/lib/crater-agent-workspace/cargo-home:/opt/rustwide/cargo-home:ro,Z" "-v" "/var/lib/crater-agent-workspace/rustup-home:/opt/rustwide/rustup-home:ro,Z" "-e" "SOURCE_DIR=/opt/rustwide/workdir" "-e" "CARGO_TARGET_DIR=/opt/rustwide/target" "-e" "CARGO_INCREMENTAL=0" "-e" "RUST_BACKTRACE=full" "-e" "RUSTFLAGS=--cap-lints=forbid" "-e" "CARGO_HOME=/opt/rustwide/cargo-home" "-e" "RUSTUP_HOME=/opt/rustwide/rustup-home" "-w" "/opt/rustwide/workdir" "-m" "1610612736" "--user" "0:0" "--network" "none" "ghcr.io/rust-lang/crates-build-env/linux@sha256:20528e8c29e4536546f0102ce88568b16ea7538393a33fcca951030f7af10457" "/opt/rustwide/cargo-home/bin/cargo" "+881c1ac408d93bb7adaa3a51dabab9266e82eee8" "build" "--frozen" "--message-format=json", kill_on_drop: false }`
[INFO] [stdout] 3f20ebd4c88e7f75932c9c90483644d9160b6381ad44ca79ba2ff770823a5b17
[INFO] [stderr] WARNING: Your kernel does not support swap limit capabilities or the cgroup is not mounted. Memory limited without swap.
[INFO] running `Command { std: "docker" "start" "-a" "3f20ebd4c88e7f75932c9c90483644d9160b6381ad44ca79ba2ff770823a5b17", kill_on_drop: false }`
[INFO] [stderr] warning: An explicit [[example]] section is specified in Cargo.toml which currently
[INFO] [stderr] disables Cargo from automatically inferring other example targets.
[INFO] [stderr] This inference behavior will change in the Rust 2018 edition and the following
[INFO] [stderr] files will be included as a example target:
[INFO] [stderr] 
[INFO] [stderr] * /opt/rustwide/workdir/examples/log_util.rs
[INFO] [stderr] 
[INFO] [stderr] This is likely to break cargo build or cargo test as these files may not be
[INFO] [stderr] ready to be compiled as a example target today. You can future-proof yourself
[INFO] [stderr] and disable this warning by adding `autoexamples = false` to your [package]
[INFO] [stderr] section. You may also move the files to a location where Cargo would not
[INFO] [stderr] automatically infer them to be a target, such as in subfolders.
[INFO] [stderr] 
[INFO] [stderr] For more information on this warning you can consult
[INFO] [stderr] https://github.com/rust-lang/cargo/issues/5330
[INFO] [stderr]    Compiling protobuf v2.0.6
[INFO] [stderr]    Compiling cfg-if v1.0.0
[INFO] [stderr]    Compiling cmake v0.1.45
[INFO] [stderr]    Compiling log v0.4.14
[INFO] [stderr]    Compiling log v0.3.9
[INFO] [stderr]    Compiling ekiden-grpcio-sys v0.2.4
[INFO] [stderr] error: failed to run custom build command for `ekiden-grpcio-sys v0.2.4`
[INFO] [stderr] 
[INFO] [stderr] Caused by:
[INFO] [stderr]   process didn't exit successfully: `/opt/rustwide/target/debug/build/ekiden-grpcio-sys-c8e9826ddc092cbf/build-script-build` (exit status: 101)
[INFO] [stderr]   --- stdout
[INFO] [stderr]   cargo:rerun-if-changed=grpc_wrap.c
[INFO] [stderr]   cargo:rerun-if-changed=grpc
[INFO] [stderr]   cargo:rerun-if-env-changed=GRPCIO_SYS_USE_PKG_CONFIG
[INFO] [stderr]   running: "cmake" "/opt/rustwide/cargo-home/registry/src/github.com-1ecc6299db9ec823/ekiden-grpcio-sys-0.2.4/grpc" "-DCMAKE_INSTALL_PREFIX=/opt/rustwide/target/debug/build/ekiden-grpcio-sys-bcde97fc77248e70/out" "-DCMAKE_C_FLAGS= -ffunction-sections -fdata-sections -fPIC -m64" "-DCMAKE_C_COMPILER=/usr/bin/cc" "-DCMAKE_CXX_FLAGS= -ffunction-sections -fdata-sections -fPIC -m64" "-DCMAKE_CXX_COMPILER=/usr/bin/c++" "-DCMAKE_ASM_FLAGS= -ffunction-sections -fdata-sections -fPIC -m64" "-DCMAKE_ASM_COMPILER=/usr/bin/cc" "-DCMAKE_BUILD_TYPE=Debug"
[INFO] [stderr]   -- The C compiler identification is GNU 9.3.0
[INFO] [stderr]   -- The CXX compiler identification is GNU 9.3.0
[INFO] [stderr]   -- Check for working C compiler: /usr/bin/cc
[INFO] [stderr]   -- Check for working C compiler: /usr/bin/cc -- works
[INFO] [stderr]   -- Detecting C compiler ABI info
[INFO] [stderr]   -- Detecting C compiler ABI info - done
[INFO] [stderr]   -- Detecting C compile features
[INFO] [stderr]   -- Detecting C compile features - done
[INFO] [stderr]   -- Check for working CXX compiler: /usr/bin/c++
[INFO] [stderr]   -- Check for working CXX compiler: /usr/bin/c++ -- works
[INFO] [stderr]   -- Detecting CXX compiler ABI info
[INFO] [stderr]   -- Detecting CXX compiler ABI info - done
[INFO] [stderr]   -- Detecting CXX compile features
[INFO] [stderr]   -- Detecting CXX compile features - done
[INFO] [stderr]   -- Looking for sys/types.h
[INFO] [stderr]   -- Looking for sys/types.h - found
[INFO] [stderr]   -- Looking for stdint.h
[INFO] [stderr]   -- Looking for stdint.h - found
[INFO] [stderr]   -- Looking for stddef.h
[INFO] [stderr]   -- Looking for stddef.h - found
[INFO] [stderr]   -- Check size of off64_t
[INFO] [stderr]   -- Check size of off64_t - done
[INFO] [stderr]   -- Looking for fseeko
[INFO] [stderr]   -- Looking for fseeko - found
[INFO] [stderr]   -- Looking for unistd.h
[INFO] [stderr]   -- Looking for unistd.h - found
[INFO] [stderr]   -- Looking for res_servicename in resolv
[INFO] [stderr]   -- Looking for res_servicename in resolv - not found
[INFO] [stderr]   -- Looking for gethostbyname in nsl
[INFO] [stderr]   -- Looking for gethostbyname in nsl - found
[INFO] [stderr]   -- Looking for gethostbyname in socket
[INFO] [stderr]   -- Looking for gethostbyname in socket - not found
[INFO] [stderr]   -- Looking for clock_gettime in rt
[INFO] [stderr]   -- Looking for clock_gettime in rt - found
[INFO] [stderr]   -- Looking for include file sys/socket.h
[INFO] [stderr]   -- Looking for include file sys/socket.h - found
[INFO] [stderr]   -- Looking for include file arpa/inet.h
[INFO] [stderr]   -- Looking for include file arpa/inet.h - found
[INFO] [stderr]   -- Looking for include file arpa/nameser_compat.h
[INFO] [stderr]   -- Looking for include file arpa/nameser_compat.h - found
[INFO] [stderr]   -- Looking for include file arpa/nameser.h
[INFO] [stderr]   -- Looking for include file arpa/nameser.h - found
[INFO] [stderr]   -- Looking for include file assert.h
[INFO] [stderr]   -- Looking for include file assert.h - found
[INFO] [stderr]   -- Looking for include file errno.h
[INFO] [stderr]   -- Looking for include file errno.h - found
[INFO] [stderr]   -- Looking for include file fcntl.h
[INFO] [stderr]   -- Looking for include file fcntl.h - found
[INFO] [stderr]   -- Looking for include file inttypes.h
[INFO] [stderr]   -- Looking for include file inttypes.h - found
[INFO] [stderr]   -- Looking for include file limits.h
[INFO] [stderr]   -- Looking for include file limits.h - found
[INFO] [stderr]   -- Looking for include file malloc.h
[INFO] [stderr]   -- Looking for include file malloc.h - found
[INFO] [stderr]   -- Looking for include file memory.h
[INFO] [stderr]   -- Looking for include file memory.h - found
[INFO] [stderr]   -- Looking for include file netdb.h
[INFO] [stderr]   -- Looking for include file netdb.h - found
[INFO] [stderr]   -- Looking for include file netinet/in.h
[INFO] [stderr]   -- Looking for include file netinet/in.h - found
[INFO] [stderr]   -- Looking for include file netinet/tcp.h
[INFO] [stderr]   -- Looking for include file netinet/tcp.h - found
[INFO] [stderr]   -- Looking for include file net/if.h
[INFO] [stderr]   -- Looking for include file net/if.h - found
[INFO] [stderr]   -- Looking for include file signal.h
[INFO] [stderr]   -- Looking for include file signal.h - found
[INFO] [stderr]   -- Looking for include file socket.h
[INFO] [stderr]   -- Looking for include file socket.h - not found
[INFO] [stderr]   -- Looking for include file stdbool.h
[INFO] [stderr]   -- Looking for include file stdbool.h - found
[INFO] [stderr]   -- Looking for include file stdlib.h
[INFO] [stderr]   -- Looking for include file stdlib.h - found
[INFO] [stderr]   -- Looking for include file strings.h
[INFO] [stderr]   -- Looking for include file strings.h - found
[INFO] [stderr]   -- Looking for include file string.h
[INFO] [stderr]   -- Looking for include file string.h - found
[INFO] [stderr]   -- Looking for include file stropts.h
[INFO] [stderr]   -- Looking for include file stropts.h - not found
[INFO] [stderr]   -- Looking for include file sys/ioctl.h
[INFO] [stderr]   -- Looking for include file sys/ioctl.h - found
[INFO] [stderr]   -- Looking for include file sys/param.h
[INFO] [stderr]   -- Looking for include file sys/param.h - found
[INFO] [stderr]   -- Looking for include file sys/select.h
[INFO] [stderr]   -- Looking for include file sys/select.h - found
[INFO] [stderr]   -- Looking for include file sys/stat.h
[INFO] [stderr]   -- Looking for include file sys/stat.h - found
[INFO] [stderr]   -- Looking for include file sys/time.h
[INFO] [stderr]   -- Looking for include file sys/time.h - found
[INFO] [stderr]   -- Looking for include file sys/uio.h
[INFO] [stderr]   -- Looking for include file sys/uio.h - found
[INFO] [stderr]   -- Looking for include file time.h
[INFO] [stderr]   -- Looking for include file time.h - found
[INFO] [stderr]   -- Looking for include file dlfcn.h
[INFO] [stderr]   -- Looking for include file dlfcn.h - found
[INFO] [stderr]   -- Looking for include file unistd.h
[INFO] [stderr]   -- Looking for include file unistd.h - found
[INFO] [stderr]   -- Looking for include files winsock2.h, windows.h
[INFO] [stderr]   -- Looking for include files winsock2.h, windows.h - not found
[INFO] [stderr]   -- Looking for 3 include files winsock2.h, ..., windows.h
[INFO] [stderr]   -- Looking for 3 include files winsock2.h, ..., windows.h - not found
[INFO] [stderr]   -- Looking for include files winsock.h, windows.h
[INFO] [stderr]   -- Looking for include files winsock.h, windows.h - not found
[INFO] [stderr]   -- Looking for include file windows.h
[INFO] [stderr]   -- Looking for include file windows.h - not found
[INFO] [stderr]   -- Performing Test HAVE_SOCKLEN_T
[INFO] [stderr]   -- Performing Test HAVE_SOCKLEN_T - Success
[INFO] [stderr]   -- Performing Test HAVE_TYPE_SOCKET
[INFO] [stderr]   -- Performing Test HAVE_TYPE_SOCKET - Failed
[INFO] [stderr]   -- Performing Test HAVE_BOOL_T
[INFO] [stderr]   -- Performing Test HAVE_BOOL_T - Success
[INFO] [stderr]   -- Performing Test HAVE_SSIZE_T
[INFO] [stderr]   -- Performing Test HAVE_SSIZE_T - Success
[INFO] [stderr]   -- Performing Test HAVE_LONGLONG
[INFO] [stderr]   -- Performing Test HAVE_LONGLONG - Success
[INFO] [stderr]   -- Performing Test HAVE_SIG_ATOMIC_T
[INFO] [stderr]   -- Performing Test HAVE_SIG_ATOMIC_T - Success
[INFO] [stderr]   -- Performing Test HAVE_STRUCT_ADDRINFO
[INFO] [stderr]   -- Performing Test HAVE_STRUCT_ADDRINFO - Success
[INFO] [stderr]   -- Performing Test HAVE_STRUCT_IN6_ADDR
[INFO] [stderr]   -- Performing Test HAVE_STRUCT_IN6_ADDR - Success
[INFO] [stderr]   -- Performing Test HAVE_STRUCT_SOCKADDR_IN6
[INFO] [stderr]   -- Performing Test HAVE_STRUCT_SOCKADDR_IN6 - Success
[INFO] [stderr]   -- Performing Test HAVE_STRUCT_SOCKADDR_STORAGE
[INFO] [stderr]   -- Performing Test HAVE_STRUCT_SOCKADDR_STORAGE - Success
[INFO] [stderr]   -- Performing Test HAVE_STRUCT_TIMEVAL
[INFO] [stderr]   -- Performing Test HAVE_STRUCT_TIMEVAL - Success
[INFO] [stderr]   -- Looking for AF_INET6
[INFO] [stderr]   -- Looking for AF_INET6 - found
[INFO] [stderr]   -- Looking for O_NONBLOCK
[INFO] [stderr]   -- Looking for O_NONBLOCK - found
[INFO] [stderr]   -- Looking for FIONBIO
[INFO] [stderr]   -- Looking for FIONBIO - found
[INFO] [stderr]   -- Looking for SIOCGIFADDR
[INFO] [stderr]   -- Looking for SIOCGIFADDR - found
[INFO] [stderr]   -- Looking for MSG_NOSIGNAL
[INFO] [stderr]   -- Looking for MSG_NOSIGNAL - found
[INFO] [stderr]   -- Looking for PF_INET6
[INFO] [stderr]   -- Looking for PF_INET6 - found
[INFO] [stderr]   -- Looking for SO_NONBLOCK
[INFO] [stderr]   -- Looking for SO_NONBLOCK - not found
[INFO] [stderr]   -- Looking for CLOCK_MONOTONIC
[INFO] [stderr]   -- Looking for CLOCK_MONOTONIC - found
[INFO] [stderr]   -- Performing Test HAVE_SOCKADDR_IN6_SIN6_SCOPE_ID
[INFO] [stderr]   -- Performing Test HAVE_SOCKADDR_IN6_SIN6_SCOPE_ID - Success
[INFO] [stderr]   -- Performing Test HAVE_LL
[INFO] [stderr]   -- Performing Test HAVE_LL - Success
[INFO] [stderr]   -- Looking for bitncmp
[INFO] [stderr]   -- Looking for bitncmp - not found
[INFO] [stderr]   -- Looking for closesocket
[INFO] [stderr]   -- Looking for closesocket - not found
[INFO] [stderr]   -- Looking for CloseSocket
[INFO] [stderr]   -- Looking for CloseSocket - not found
[INFO] [stderr]   -- Looking for connect
[INFO] [stderr]   -- Looking for connect - found
[INFO] [stderr]   -- Looking for fcntl
[INFO] [stderr]   -- Looking for fcntl - found
[INFO] [stderr]   -- Looking for freeaddrinfo
[INFO] [stderr]   -- Looking for freeaddrinfo - found
[INFO] [stderr]   -- Looking for getaddrinfo
[INFO] [stderr]   -- Looking for getaddrinfo - found
[INFO] [stderr]   -- Looking for getenv
[INFO] [stderr]   -- Looking for getenv - found
[INFO] [stderr]   -- Looking for gethostbyaddr
[INFO] [stderr]   -- Looking for gethostbyaddr - found
[INFO] [stderr]   -- Looking for gethostbyname
[INFO] [stderr]   -- Looking for gethostbyname - found
[INFO] [stderr]   -- Looking for gethostname
[INFO] [stderr]   -- Looking for gethostname - found
[INFO] [stderr]   -- Looking for getnameinfo
[INFO] [stderr]   -- Looking for getnameinfo - found
[INFO] [stderr]   -- Looking for getservbyport_r
[INFO] [stderr]   -- Looking for getservbyport_r - found
[INFO] [stderr]   -- Looking for gettimeofday
[INFO] [stderr]   -- Looking for gettimeofday - found
[INFO] [stderr]   -- Looking for if_indextoname
[INFO] [stderr]   -- Looking for if_indextoname - found
[INFO] [stderr]   -- Looking for inet_net_pton
[INFO] [stderr]   -- Looking for inet_net_pton - not found
[INFO] [stderr]   -- Looking for inet_ntop
[INFO] [stderr]   -- Looking for inet_ntop - found
[INFO] [stderr]   -- Looking for inet_pton
[INFO] [stderr]   -- Looking for inet_pton - found
[INFO] [stderr]   -- Looking for ioctl
[INFO] [stderr]   -- Looking for ioctl - found
[INFO] [stderr]   -- Looking for ioctlsocket
[INFO] [stderr]   -- Looking for ioctlsocket - not found
[INFO] [stderr]   -- Looking for IoctlSocket
[INFO] [stderr]   -- Looking for IoctlSocket - not found
[INFO] [stderr]   -- Looking for recv
[INFO] [stderr]   -- Looking for recv - found
[INFO] [stderr]   -- Looking for recvfrom
[INFO] [stderr]   -- Looking for recvfrom - found
[INFO] [stderr]   -- Looking for send
[INFO] [stderr]   -- Looking for send - found
[INFO] [stderr]   -- Looking for setsockopt
[INFO] [stderr]   -- Looking for setsockopt - found
[INFO] [stderr]   -- Looking for socket
[INFO] [stderr]   -- Looking for socket - found
[INFO] [stderr]   -- Looking for strcasecmp
[INFO] [stderr]   -- Looking for strcasecmp - found
[INFO] [stderr]   -- Looking for strcmpi
[INFO] [stderr]   -- Looking for strcmpi - not found
[INFO] [stderr]   -- Looking for strdup
[INFO] [stderr]   -- Looking for strdup - found
[INFO] [stderr]   -- Looking for stricmp
[INFO] [stderr]   -- Looking for stricmp - not found
[INFO] [stderr]   -- Looking for strncasecmp
[INFO] [stderr]   -- Looking for strncasecmp - found
[INFO] [stderr]   -- Looking for strncmpi
[INFO] [stderr]   -- Looking for strncmpi - not found
[INFO] [stderr]   -- Looking for strnicmp
[INFO] [stderr]   -- Looking for strnicmp - not found
[INFO] [stderr]   -- Looking for writev
[INFO] [stderr]   -- Looking for writev - found
[INFO] [stderr]   -- Found Perl: /usr/bin/perl (found version "5.30.0") 
[INFO] [stderr]   -- The ASM compiler identification is GNU
[INFO] [stderr]   -- Found assembler: /usr/bin/cc
[INFO] [stderr]   -- Configuring done
[INFO] [stderr]   -- Generating done
[INFO] [stderr]   -- Build files have been written to: /opt/rustwide/target/debug/build/ekiden-grpcio-sys-bcde97fc77248e70/out/build
[INFO] [stderr]   running: "cmake" "--build" "." "--target" "grpc" "--config" "Debug" "--"
[INFO] [stderr]   Scanning dependencies of target stack
[INFO] [stderr]   Scanning dependencies of target lhash
[INFO] [stderr]   [  0%] Generating err_data.c
[INFO] [stderr]   Scanning dependencies of target pkcs8_lib
[INFO] [stderr]   Scanning dependencies of target base64
[INFO] [stderr]   Scanning dependencies of target buf
[INFO] [stderr]   Scanning dependencies of target md5
[INFO] [stderr]   Scanning dependencies of target aes
[INFO] [stderr]   [  0%] Building C object third_party/boringssl/crypto/stack/CMakeFiles/stack.dir/stack.c.o
[INFO] [stderr]   Scanning dependencies of target sha
[INFO] [stderr]   [  0%] Building C object third_party/boringssl/crypto/lhash/CMakeFiles/lhash.dir/lhash.c.o
[INFO] [stderr]   Scanning dependencies of target bytestring
[INFO] [stderr]   Scanning dependencies of target md4
[INFO] [stderr]   Scanning dependencies of target pool
[INFO] [stderr]   [  0%] Building C object third_party/boringssl/crypto/pkcs8/CMakeFiles/pkcs8_lib.dir/pkcs8.c.o
[INFO] [stderr]   [  0%] Building C object third_party/boringssl/crypto/bytestring/CMakeFiles/bytestring.dir/ber.c.o
[INFO] [stderr]   [  0%] Building C object third_party/boringssl/crypto/pkcs8/CMakeFiles/pkcs8_lib.dir/p5_pbev2.c.o
[INFO] [stderr]   [  0%] Building C object third_party/boringssl/crypto/base64/CMakeFiles/base64.dir/base64.c.o
[INFO] [stderr]   Scanning dependencies of target chacha
[INFO] [stderr]   Scanning dependencies of target rc4
[INFO] [stderr]   Scanning dependencies of target modes
[INFO] [stderr]   [  2%] Building C object third_party/boringssl/crypto/bytestring/CMakeFiles/bytestring.dir/cbs.c.o
[INFO] [stderr]   [  2%] Building C object third_party/boringssl/crypto/pkcs8/CMakeFiles/pkcs8_lib.dir/p8_pkey.c.o
[INFO] [stderr]   [  2%] Building C object third_party/boringssl/crypto/bytestring/CMakeFiles/bytestring.dir/asn1_compat.c.o
[INFO] [stderr]   [  2%] Building C object third_party/boringssl/crypto/bytestring/CMakeFiles/bytestring.dir/cbb.c.o
[INFO] [stderr]   Scanning dependencies of target des
[INFO] [stderr]   [  2%] Building C object third_party/boringssl/crypto/buf/CMakeFiles/buf.dir/buf.c.o
[INFO] [stderr]   Scanning dependencies of target conf
[INFO] [stderr]   [  2%] Building C object third_party/boringssl/crypto/sha/CMakeFiles/sha.dir/sha1-altivec.c.o
[INFO] [stderr]   [  2%] Building C object third_party/boringssl/crypto/sha/CMakeFiles/sha.dir/sha256.c.o
[INFO] [stderr]   [  2%] Building C object third_party/boringssl/crypto/sha/CMakeFiles/sha.dir/sha1.c.o
[INFO] [stderr]   [  2%] Building C object third_party/boringssl/crypto/md5/CMakeFiles/md5.dir/md5.c.o
[INFO] [stderr]   [  2%] Building C object third_party/boringssl/crypto/sha/CMakeFiles/sha.dir/sha512.c.o
[INFO] [stderr]   [  2%] Building C object third_party/boringssl/crypto/pool/CMakeFiles/pool.dir/pool.c.o
[INFO] [stderr]   [  2%] Building C object third_party/boringssl/crypto/modes/CMakeFiles/modes.dir/cfb.c.o
[INFO] [stderr]   [  2%] Building C object third_party/boringssl/crypto/modes/CMakeFiles/modes.dir/cbc.c.o
[INFO] [stderr]   [  2%] Building C object third_party/boringssl/crypto/des/CMakeFiles/des.dir/des.c.o
[INFO] [stderr]   [  2%] Building C object third_party/boringssl/crypto/aes/CMakeFiles/aes.dir/aes.c.o
[INFO] [stderr]   [  2%] Building C object third_party/boringssl/crypto/aes/CMakeFiles/aes.dir/mode_wrappers.c.o
[INFO] [stderr]   [  2%] Building C object third_party/boringssl/crypto/modes/CMakeFiles/modes.dir/ctr.c.o
[INFO] [stderr]   [  2%] Building C object third_party/boringssl/crypto/rc4/CMakeFiles/rc4.dir/rc4.c.o
[INFO] [stderr]   [  2%] Building C object third_party/boringssl/crypto/aes/CMakeFiles/aes.dir/key_wrap.c.o
[INFO] [stderr]   [  2%] Building C object third_party/boringssl/crypto/md4/CMakeFiles/md4.dir/md4.c.o
[INFO] [stderr]   [  2%] Building C object third_party/boringssl/crypto/conf/CMakeFiles/conf.dir/conf.c.o
[INFO] [stderr]   [  2%] Building C object third_party/boringssl/crypto/modes/CMakeFiles/modes.dir/gcm.c.o
[INFO] [stderr]   [  2%] Building C object third_party/boringssl/crypto/chacha/CMakeFiles/chacha.dir/chacha.c.o
[INFO] [stderr]   [  2%] Building C object third_party/boringssl/crypto/modes/CMakeFiles/modes.dir/ofb.c.o
[INFO] [stderr]   [  2%] Building C object third_party/boringssl/crypto/modes/CMakeFiles/modes.dir/polyval.c.o
[INFO] [stderr]   [  2%] Built target buf
[INFO] [stderr]   [  2%] Built target stack
[INFO] [stderr]   [  2%] Built target lhash
[INFO] [stderr]   Scanning dependencies of target curve25519
[INFO] [stderr]   Scanning dependencies of target poly1305
[INFO] [stderr]   Scanning dependencies of target rand
[INFO] [stderr]   Scanning dependencies of target digest
[INFO] [stderr]   Scanning dependencies of target bio
[INFO] [stderr]   [  2%] Built target md5
[INFO] [stderr]   [  2%] Building C object third_party/boringssl/crypto/curve25519/CMakeFiles/curve25519.dir/curve25519.c.o
[INFO] [stderr]   [  2%] Built target base64
[INFO] [stderr]   [  2%] Built target rc4
[INFO] [stderr]   [  4%] Building C object third_party/boringssl/crypto/curve25519/CMakeFiles/curve25519.dir/spake25519.c.o
[INFO] [stderr]   [  4%] Building C object third_party/boringssl/crypto/poly1305/CMakeFiles/poly1305.dir/poly1305.c.o
[INFO] [stderr]   [  4%] Building C object third_party/boringssl/crypto/digest/CMakeFiles/digest.dir/digest.c.o
[INFO] [stderr]   [  4%] Building C object third_party/boringssl/crypto/poly1305/CMakeFiles/poly1305.dir/poly1305_arm.c.o
[INFO] [stderr]   [  4%] Building C object third_party/boringssl/crypto/bio/CMakeFiles/bio.dir/bio.c.o
[INFO] [stderr]   [  4%] Building C object third_party/boringssl/crypto/digest/CMakeFiles/digest.dir/digests.c.o
[INFO] [stderr]   [  4%] Built target bytestring
[INFO] [stderr]   [  4%] Building C object third_party/boringssl/crypto/curve25519/CMakeFiles/curve25519.dir/x25519-x86_64.c.o
[INFO] [stderr]   Scanning dependencies of target asn1
[INFO] [stderr]   Scanning dependencies of target obj
[INFO] [stderr]   [  4%] Building C object third_party/boringssl/crypto/rand/CMakeFiles/rand.dir/deterministic.c.o
[INFO] [stderr]   [  4%] Building C object third_party/boringssl/crypto/rand/CMakeFiles/rand.dir/fuchsia.c.o
[INFO] [stderr]   Scanning dependencies of target bn
[INFO] [stderr]   [  4%] Built target pool
[INFO] [stderr]   [  4%] Building C object third_party/boringssl/crypto/bio/CMakeFiles/bio.dir/bio_mem.c.o
[INFO] [stderr]   Scanning dependencies of target engine
[INFO] [stderr]   Scanning dependencies of target dh
[INFO] [stderr]   [  4%] Building C object third_party/boringssl/crypto/obj/CMakeFiles/obj.dir/obj.c.o
[INFO] [stderr]   Scanning dependencies of target dsa
[INFO] [stderr]   [  4%] Building C object third_party/boringssl/crypto/bio/CMakeFiles/bio.dir/connect.c.o
[INFO] [stderr]   Scanning dependencies of target cipher
[INFO] [stderr]   [  4%] Built target chacha
[INFO] [stderr]   [  4%] Building C object third_party/boringssl/crypto/rand/CMakeFiles/rand.dir/rand.c.o
[INFO] [stderr]   [  4%] Building C object third_party/boringssl/crypto/asn1/CMakeFiles/asn1.dir/a_bitstr.c.o
[INFO] [stderr]   [  4%] Building C object third_party/boringssl/crypto/bn/CMakeFiles/bn.dir/add.c.o
[INFO] [stderr]   [  4%] Built target pkcs8_lib
[INFO] [stderr]   [  4%] Building C object third_party/boringssl/crypto/rand/CMakeFiles/rand.dir/urandom.c.o
[INFO] [stderr]   [  4%] Building C object third_party/boringssl/crypto/poly1305/CMakeFiles/poly1305.dir/poly1305_vec.c.o
[INFO] [stderr]   [  4%] Building C object third_party/boringssl/crypto/obj/CMakeFiles/obj.dir/obj_xref.c.o
[INFO] [stderr]   [  4%] Building C object third_party/boringssl/crypto/dh/CMakeFiles/dh.dir/dh.c.o
[INFO] [stderr]   [  4%] Building C object third_party/boringssl/crypto/engine/CMakeFiles/engine.dir/engine.c.o
[INFO] [stderr]   [  4%] Building C object third_party/boringssl/crypto/cipher/CMakeFiles/cipher.dir/cipher.c.o
[INFO] [stderr]   [  4%] Built target aes
[INFO] [stderr]   [  4%] Building C object third_party/boringssl/crypto/bio/CMakeFiles/bio.dir/fd.c.o
[INFO] [stderr]   [  4%] Building C object third_party/boringssl/crypto/rand/CMakeFiles/rand.dir/windows.c.o
[INFO] [stderr]   [  4%] Building C object third_party/boringssl/crypto/dsa/CMakeFiles/dsa.dir/dsa.c.o
[INFO] [stderr]   [  4%] Building C object third_party/boringssl/crypto/bio/CMakeFiles/bio.dir/file.c.o
[INFO] [stderr]   Scanning dependencies of target ecdh
[INFO] [stderr]   [  4%] Building C object third_party/boringssl/crypto/asn1/CMakeFiles/asn1.dir/a_bool.c.o
[INFO] [stderr]   [  4%] Building C object third_party/boringssl/crypto/dh/CMakeFiles/dh.dir/params.c.o
[INFO] [stderr]   Scanning dependencies of target rsa
[INFO] [stderr]   Scanning dependencies of target ec
[INFO] [stderr]   [  4%] Built target sha
[INFO] [stderr]   [  4%] Building C object third_party/boringssl/crypto/bio/CMakeFiles/bio.dir/hexdump.c.o
[INFO] [stderr]   [  4%] Building C object third_party/boringssl/crypto/rsa/CMakeFiles/rsa.dir/rsa.c.o
[INFO] [stderr]   Scanning dependencies of target ecdsa
[INFO] [stderr]   [  4%] Building C object third_party/boringssl/crypto/bn/CMakeFiles/bn.dir/asm/x86_64-gcc.c.o
[INFO] [stderr]   [  4%] Building C object third_party/boringssl/crypto/bio/CMakeFiles/bio.dir/pair.c.o
[INFO] [stderr]   [  4%] Building C object third_party/boringssl/crypto/ecdh/CMakeFiles/ecdh.dir/ecdh.c.o
[INFO] [stderr]   [  4%] Built target conf
[INFO] [stderr]   [  7%] Building C object third_party/boringssl/crypto/bio/CMakeFiles/bio.dir/printf.c.o
[INFO] [stderr]   [  7%] Building C object third_party/boringssl/crypto/ec/CMakeFiles/ec.dir/ec.c.o
[INFO] [stderr]   Scanning dependencies of target hmac
[INFO] [stderr]   [  7%] Building C object third_party/boringssl/crypto/bio/CMakeFiles/bio.dir/socket.c.o
[INFO] [stderr]   [  7%] Building C object third_party/boringssl/crypto/asn1/CMakeFiles/asn1.dir/a_d2i_fp.c.o
[INFO] [stderr]   [  7%] Building C object third_party/boringssl/crypto/rsa/CMakeFiles/rsa.dir/rsa_impl.c.o
[INFO] [stderr]   [  7%] Built target md4
[INFO] [stderr]   Scanning dependencies of target cmac
[INFO] [stderr]   [  7%] Built target digest
[INFO] [stderr]   [  7%] Building C object third_party/boringssl/crypto/bio/CMakeFiles/bio.dir/socket_helper.c.o
[INFO] [stderr]   [  7%] Building C object third_party/boringssl/crypto/dh/CMakeFiles/dh.dir/dh_asn1.c.o
[INFO] [stderr]   [  7%] Building C object third_party/boringssl/crypto/dh/CMakeFiles/dh.dir/check.c.o
[INFO] [stderr]   [  7%] Building C object third_party/boringssl/crypto/bn/CMakeFiles/bn.dir/bn_asn1.c.o
[INFO] [stderr]   [  7%] Building C object third_party/boringssl/crypto/bn/CMakeFiles/bn.dir/bn.c.o
[INFO] [stderr]   [  7%] Building C object third_party/boringssl/crypto/ecdsa/CMakeFiles/ecdsa.dir/ecdsa.c.o
[INFO] [stderr]   [  7%] Built target ecdh
[INFO] [stderr]   [  7%] Building C object third_party/boringssl/crypto/asn1/CMakeFiles/asn1.dir/a_dup.c.o
[INFO] [stderr]   [  7%] Built target engine
[INFO] [stderr]   [  7%] Built target rand
[INFO] [stderr]   [  7%] Building C object third_party/boringssl/crypto/ec/CMakeFiles/ec.dir/ec_asn1.c.o
[INFO] [stderr]   [  7%] Built target obj
[INFO] [stderr]   [  7%] Building C object third_party/boringssl/crypto/rsa/CMakeFiles/rsa.dir/blinding.c.o
[INFO] [stderr]   [  7%] Building C object third_party/boringssl/crypto/hmac/CMakeFiles/hmac.dir/hmac.c.o
[INFO] [stderr]   [  9%] Building C object third_party/boringssl/crypto/dsa/CMakeFiles/dsa.dir/dsa_asn1.c.o
[INFO] [stderr]   [  9%] Building C object third_party/boringssl/crypto/bn/CMakeFiles/bn.dir/cmp.c.o
[INFO] [stderr]   [  9%] Built target modes
[INFO] [stderr]   [  9%] Built target des
[INFO] [stderr]   [  9%] Building C object third_party/boringssl/crypto/cmac/CMakeFiles/cmac.dir/cmac.c.o
[INFO] [stderr]   [  9%] Building C object third_party/boringssl/crypto/ec/CMakeFiles/ec.dir/ec_montgomery.c.o
[INFO] [stderr]   [  9%] Building C object third_party/boringssl/crypto/ec/CMakeFiles/ec.dir/ec_key.c.o
[INFO] [stderr]   [  9%] Building C object third_party/boringssl/crypto/bn/CMakeFiles/bn.dir/convert.c.o
[INFO] [stderr]   Scanning dependencies of target hkdf
[INFO] [stderr]   [  9%] Building C object third_party/boringssl/crypto/asn1/CMakeFiles/asn1.dir/a_enum.c.o
[INFO] [stderr]   Scanning dependencies of target evp
[INFO] [stderr]   [  9%] Building C object third_party/boringssl/crypto/asn1/CMakeFiles/asn1.dir/a_gentm.c.o
[INFO] [stderr]   Scanning dependencies of target pem
[INFO] [stderr]   [  9%] Building C object third_party/boringssl/crypto/hkdf/CMakeFiles/hkdf.dir/hkdf.c.o
[INFO] [stderr]   [  9%] Built target hmac
[INFO] [stderr]   [ 11%] Building C object third_party/boringssl/crypto/ecdsa/CMakeFiles/ecdsa.dir/ecdsa_asn1.c.o
[INFO] [stderr]   Scanning dependencies of target gpr
[INFO] [stderr]   [ 11%] Building C object third_party/boringssl/crypto/cipher/CMakeFiles/cipher.dir/derive_key.c.o
[INFO] [stderr]   [ 11%] Built target poly1305
[INFO] [stderr]   [ 11%] Building C object third_party/boringssl/crypto/bn/CMakeFiles/bn.dir/ctx.c.o
[INFO] [stderr]   [ 11%] Building C object third_party/boringssl/crypto/asn1/CMakeFiles/asn1.dir/a_mbstr.c.o
[INFO] [stderr]   Scanning dependencies of target x509
[INFO] [stderr]   [ 11%] Building C object third_party/boringssl/crypto/asn1/CMakeFiles/asn1.dir/a_int.c.o
[INFO] [stderr]   [ 11%] Building C object third_party/boringssl/crypto/pem/CMakeFiles/pem.dir/pem_all.c.o
[INFO] [stderr]   [ 11%] Building C object third_party/boringssl/crypto/ec/CMakeFiles/ec.dir/oct.c.o
[INFO] [stderr]   [ 11%] Building C object third_party/boringssl/crypto/asn1/CMakeFiles/asn1.dir/a_i2d_fp.c.o
[INFO] [stderr]   [ 11%] Built target bio
[INFO] [stderr]   [ 11%] Building C object third_party/boringssl/crypto/evp/CMakeFiles/evp.dir/digestsign.c.o
[INFO] [stderr]   [ 11%] Building C object third_party/boringssl/crypto/bn/CMakeFiles/bn.dir/div.c.o
[INFO] [stderr]   [ 11%] Building C object third_party/boringssl/crypto/ec/CMakeFiles/ec.dir/p224-64.c.o
[INFO] [stderr]   [ 11%] Building C object CMakeFiles/gpr.dir/src/core/lib/profiling/basic_timers.c.o
[INFO] [stderr]   [ 11%] Building C object third_party/boringssl/crypto/cipher/CMakeFiles/cipher.dir/aead.c.o
[INFO] [stderr]   Scanning dependencies of target x509v3
[INFO] [stderr]   [ 11%] Building C object third_party/boringssl/crypto/asn1/CMakeFiles/asn1.dir/a_object.c.o
[INFO] [stderr]   [ 11%] Building C object third_party/boringssl/crypto/evp/CMakeFiles/evp.dir/evp.c.o
[INFO] [stderr]   [ 11%] Built target dh
[INFO] [stderr]   [ 11%] Building C object third_party/boringssl/crypto/cipher/CMakeFiles/cipher.dir/e_null.c.o
[INFO] [stderr]   [ 11%] Building C object third_party/boringssl/crypto/asn1/CMakeFiles/asn1.dir/a_octet.c.o
[INFO] [stderr]   [ 11%] Built target dsa
[INFO] [stderr]   [ 11%] Building C object third_party/boringssl/crypto/x509/CMakeFiles/x509.dir/a_digest.c.o
[INFO] [stderr]   [ 11%] Building C object third_party/boringssl/crypto/bn/CMakeFiles/bn.dir/exponentiation.c.o
[INFO] [stderr]   [ 11%] Built target cmac
[INFO] [stderr]   [ 11%] Building C object third_party/boringssl/crypto/x509v3/CMakeFiles/x509v3.dir/pcy_cache.c.o
[INFO] [stderr]   [ 11%] Built target curve25519
[INFO] [stderr]   [ 14%] Building C object third_party/boringssl/crypto/x509/CMakeFiles/x509.dir/a_sign.c.o
[INFO] [stderr]   [ 14%] Building C object third_party/boringssl/crypto/evp/CMakeFiles/evp.dir/evp_asn1.c.o
[INFO] [stderr]   Scanning dependencies of target c-ares
[INFO] [stderr]   [ 14%] Building C object third_party/boringssl/crypto/cipher/CMakeFiles/cipher.dir/e_rc2.c.o
[INFO] [stderr]   [ 14%] Building C object third_party/boringssl/crypto/ec/CMakeFiles/ec.dir/p256-64.c.o
[INFO] [stderr]   Scanning dependencies of target zlibstatic
[INFO] [stderr]   [ 14%] Building C object third_party/boringssl/crypto/ec/CMakeFiles/ec.dir/p256-x86_64.c.o
[INFO] [stderr]   [ 14%] Building C object CMakeFiles/gpr.dir/src/core/lib/profiling/stap_timers.c.o
[INFO] [stderr]   [ 14%] Building C object third_party/boringssl/crypto/cipher/CMakeFiles/cipher.dir/e_rc4.c.o
[INFO] [stderr]   [ 14%] Built target hkdf
[INFO] [stderr]   [ 14%] Building C object third_party/boringssl/crypto/rsa/CMakeFiles/rsa.dir/padding.c.o
[INFO] [stderr]   [ 16%] Building C object third_party/boringssl/crypto/evp/CMakeFiles/evp.dir/evp_ctx.c.o
[INFO] [stderr]   [ 16%] Building C object third_party/boringssl/crypto/x509/CMakeFiles/x509.dir/a_strex.c.o
[INFO] [stderr]   [ 16%] Building C object third_party/boringssl/crypto/cipher/CMakeFiles/cipher.dir/e_des.c.o
[INFO] [stderr]   [ 16%] Building C object third_party/boringssl/crypto/cipher/CMakeFiles/cipher.dir/e_aes.c.o
[INFO] [stderr]   [ 16%] Building C object third_party/boringssl/crypto/evp/CMakeFiles/evp.dir/p_dsa_asn1.c.o
[INFO] [stderr]   [ 16%] Building C object third_party/zlib/CMakeFiles/zlibstatic.dir/adler32.o
[INFO] [stderr]   [ 16%] Building C object third_party/boringssl/crypto/bn/CMakeFiles/bn.dir/generic.c.o
[INFO] [stderr]   [ 16%] Building C object third_party/zlib/CMakeFiles/zlibstatic.dir/compress.o
[INFO] [stderr]   [ 16%] Building C object third_party/boringssl/crypto/pem/CMakeFiles/pem.dir/pem_info.c.o
[INFO] [stderr]   [ 16%] Building C object CMakeFiles/gpr.dir/src/core/lib/support/alloc.c.o
[INFO] [stderr]   [ 16%] Building C object third_party/boringssl/crypto/x509/CMakeFiles/x509.dir/a_verify.c.o
[INFO] [stderr]   [ 16%] Building C object third_party/cares/cares/CMakeFiles/c-ares.dir/ares__get_hostent.c.o
[INFO] [stderr]   [ 16%] Building C object third_party/boringssl/crypto/rsa/CMakeFiles/rsa.dir/rsa_asn1.c.o
[INFO] [stderr]   [ 16%] Building C object third_party/cares/cares/CMakeFiles/c-ares.dir/ares__close_sockets.c.o
[INFO] [stderr]   [ 16%] Building C object third_party/boringssl/crypto/cipher/CMakeFiles/cipher.dir/e_chacha20poly1305.c.o
[INFO] [stderr]   [ 16%] Building C object CMakeFiles/gpr.dir/src/core/lib/support/arena.c.o
[INFO] [stderr]   [ 19%] Building C object third_party/boringssl/crypto/asn1/CMakeFiles/asn1.dir/a_print.c.o
[INFO] [stderr]   [ 19%] Building C object third_party/boringssl/crypto/evp/CMakeFiles/evp.dir/p_ec.c.o
[INFO] [stderr]   [ 19%] Built target ecdsa
[INFO] [stderr]   [ 19%] Building C object third_party/boringssl/crypto/ec/CMakeFiles/ec.dir/simple.c.o
[INFO] [stderr]   [ 21%] Building C object third_party/boringssl/crypto/cipher/CMakeFiles/cipher.dir/tls_cbc.c.o
[INFO] [stderr]   [ 21%] Building C object third_party/boringssl/crypto/asn1/CMakeFiles/asn1.dir/a_strnid.c.o
[INFO] [stderr]   [ 21%] Building C object third_party/boringssl/crypto/ec/CMakeFiles/ec.dir/util-64.c.o
[INFO] [stderr]   [ 21%] Building C object third_party/boringssl/crypto/cipher/CMakeFiles/cipher.dir/e_tls.c.o
[INFO] [stderr]   [ 21%] Building C object third_party/boringssl/crypto/x509v3/CMakeFiles/x509v3.dir/pcy_data.c.o
[INFO] [stderr]   [ 21%] Building C object CMakeFiles/gpr.dir/src/core/lib/support/atm.c.o
[INFO] [stderr]   [ 21%] Building C object third_party/boringssl/crypto/ec/CMakeFiles/ec.dir/wnaf.c.o
[INFO] [stderr]   [ 21%] Building C object third_party/boringssl/crypto/x509/CMakeFiles/x509.dir/algorithm.c.o
[INFO] [stderr]   [ 21%] Building C object third_party/boringssl/crypto/cipher/CMakeFiles/cipher.dir/e_ssl3.c.o
[INFO] [stderr]   [ 21%] Building C object third_party/zlib/CMakeFiles/zlibstatic.dir/deflate.o
[INFO] [stderr]   [ 23%] Building C object third_party/boringssl/crypto/bn/CMakeFiles/bn.dir/gcd.c.o
[INFO] [stderr]   [ 23%] Building C object third_party/zlib/CMakeFiles/zlibstatic.dir/crc32.o
[INFO] [stderr]   [ 26%] Building C object CMakeFiles/gpr.dir/src/core/lib/support/avl.c.o
[INFO] [stderr]   [ 26%] Building C object third_party/cares/cares/CMakeFiles/c-ares.dir/ares__read_line.c.o
[INFO] [stderr]   [ 26%] Building C object third_party/boringssl/crypto/x509v3/CMakeFiles/x509v3.dir/pcy_lib.c.o
[INFO] [stderr]   [ 26%] Building C object third_party/boringssl/crypto/pem/CMakeFiles/pem.dir/pem_lib.c.o
[INFO] [stderr]   [ 26%] Building C object third_party/cares/cares/CMakeFiles/c-ares.dir/ares__timeval.c.o
[INFO] [stderr]   [ 26%] Building C object third_party/zlib/CMakeFiles/zlibstatic.dir/gzclose.o
[INFO] [stderr]   [ 26%] Building C object third_party/boringssl/crypto/asn1/CMakeFiles/asn1.dir/a_time.c.o
[INFO] [stderr]   [ 26%] Building C object third_party/zlib/CMakeFiles/zlibstatic.dir/gzlib.o
[INFO] [stderr]   [ 26%] Building C object third_party/boringssl/crypto/pem/CMakeFiles/pem.dir/pem_oth.c.o
[INFO] [stderr]   [ 26%] Building C object third_party/boringssl/crypto/evp/CMakeFiles/evp.dir/p_ec_asn1.c.o
[INFO] [stderr]   [ 26%] Built target rsa
[INFO] [stderr]   [ 26%] Building C object third_party/boringssl/crypto/asn1/CMakeFiles/asn1.dir/a_type.c.o
[INFO] [stderr]   [ 26%] Building C object third_party/boringssl/crypto/pem/CMakeFiles/pem.dir/pem_pk8.c.o
[INFO] [stderr]   [ 26%] Building C object third_party/boringssl/crypto/pem/CMakeFiles/pem.dir/pem_pkey.c.o
[INFO] [stderr]   [ 26%] Building C object CMakeFiles/gpr.dir/src/core/lib/support/backoff.c.o
[INFO] [stderr]   [ 26%] Building C object third_party/boringssl/crypto/bn/CMakeFiles/bn.dir/montgomery.c.o
[INFO] [stderr]   [ 26%] Building C object third_party/boringssl/crypto/x509/CMakeFiles/x509.dir/by_dir.c.o
[INFO] [stderr]   [ 26%] Building C object third_party/boringssl/crypto/x509/CMakeFiles/x509.dir/asn1_gen.c.o
[INFO] [stderr]   [ 26%] Building C object third_party/boringssl/crypto/bn/CMakeFiles/bn.dir/kronecker.c.o
[INFO] [stderr]   [ 26%] Building C object third_party/boringssl/crypto/x509/CMakeFiles/x509.dir/by_file.c.o
[INFO] [stderr]   [ 26%] Building C object third_party/boringssl/crypto/asn1/CMakeFiles/asn1.dir/a_utctm.c.o
[INFO] [stderr]   [ 26%] Building C object third_party/boringssl/crypto/evp/CMakeFiles/evp.dir/p_rsa.c.o
[INFO] [stderr]   [ 26%] Building C object third_party/boringssl/crypto/bn/CMakeFiles/bn.dir/mul.c.o
[INFO] [stderr]   [ 26%] Building C object third_party/boringssl/crypto/x509v3/CMakeFiles/x509v3.dir/pcy_map.c.o
[INFO] [stderr]   [ 26%] Building C object third_party/boringssl/crypto/bn/CMakeFiles/bn.dir/montgomery_inv.c.o
[INFO] [stderr]   [ 26%] Building C object third_party/cares/cares/CMakeFiles/c-ares.dir/ares_destroy.c.o
[INFO] [stderr]   [ 26%] Building C object third_party/boringssl/crypto/asn1/CMakeFiles/asn1.dir/a_utf8.c.o
[INFO] [stderr]   [ 26%] Building C object third_party/cares/cares/CMakeFiles/c-ares.dir/ares_cancel.c.o
[INFO] [stderr]   [ 26%] Built target ec
[INFO] [stderr]   [ 26%] Building C object third_party/boringssl/crypto/bn/CMakeFiles/bn.dir/prime.c.o
[INFO] [stderr]   [ 26%] Building C object third_party/cares/cares/CMakeFiles/c-ares.dir/ares_expand_name.c.o
[INFO] [stderr]   [ 26%] Building C object CMakeFiles/gpr.dir/src/core/lib/support/cpu_iphone.c.o
[INFO] [stderr]   [ 26%] Building C object third_party/cares/cares/CMakeFiles/c-ares.dir/ares_data.c.o
[INFO] [stderr]   [ 26%] Building C object third_party/boringssl/crypto/asn1/CMakeFiles/asn1.dir/asn1_lib.c.o
[INFO] [stderr]   [ 26%] Building C object third_party/zlib/CMakeFiles/zlibstatic.dir/gzread.o
[INFO] [stderr]   [ 26%] Building C object CMakeFiles/gpr.dir/src/core/lib/support/cmdline.c.o
[INFO] [stderr]   [ 26%] Building C object third_party/boringssl/crypto/pem/CMakeFiles/pem.dir/pem_x509.c.o
[INFO] [stderr]   [ 26%] Built target cipher
[INFO] [stderr]   [ 26%] Building C object third_party/boringssl/crypto/asn1/CMakeFiles/asn1.dir/asn_pack.c.o
[INFO] [stderr]   [ 26%] Building C object third_party/boringssl/crypto/evp/CMakeFiles/evp.dir/pbkdf.c.o
[INFO] [stderr]   [ 26%] Building C object third_party/boringssl/crypto/x509/CMakeFiles/x509.dir/i2d_pr.c.o
[INFO] [stderr]   [ 26%] Building C object third_party/boringssl/crypto/evp/CMakeFiles/evp.dir/p_rsa_asn1.c.o
[INFO] [stderr]   [ 26%] Building C object third_party/boringssl/crypto/evp/CMakeFiles/evp.dir/print.c.o
[INFO] [stderr]   [ 26%] Building C object third_party/boringssl/crypto/pem/CMakeFiles/pem.dir/pem_xaux.c.o
[INFO] [stderr]   [ 26%] Building C object third_party/zlib/CMakeFiles/zlibstatic.dir/gzwrite.o
[INFO] [stderr]   [ 26%] Building C object CMakeFiles/gpr.dir/src/core/lib/support/cpu_linux.c.o
[INFO] [stderr]   [ 26%] Building C object third_party/boringssl/crypto/x509/CMakeFiles/x509.dir/pkcs7.c.o
[INFO] [stderr]   [ 26%] Building C object CMakeFiles/gpr.dir/src/core/lib/support/cpu_posix.c.o
[INFO] [stderr]   [ 26%] Building C object third_party/boringssl/crypto/asn1/CMakeFiles/asn1.dir/f_enum.c.o
[INFO] [stderr]   [ 26%] Building C object third_party/cares/cares/CMakeFiles/c-ares.dir/ares_expand_string.c.o
[INFO] [stderr]   [ 26%] Building C object third_party/boringssl/crypto/bn/CMakeFiles/bn.dir/random.c.o
[INFO] [stderr]   [ 26%] Building C object third_party/boringssl/crypto/x509v3/CMakeFiles/x509v3.dir/pcy_node.c.o
[INFO] [stderr]   [ 26%] Building C object third_party/boringssl/crypto/asn1/CMakeFiles/asn1.dir/asn1_par.c.o
[INFO] [stderr]   [ 26%] Building C object third_party/cares/cares/CMakeFiles/c-ares.dir/ares_fds.c.o
[INFO] [stderr]   [ 26%] Building C object third_party/cares/cares/CMakeFiles/c-ares.dir/ares_free_hostent.c.o
[INFO] [stderr]   [ 26%] Building C object CMakeFiles/gpr.dir/src/core/lib/support/cpu_windows.c.o
[INFO] [stderr]   [ 26%] Building C object third_party/boringssl/crypto/bn/CMakeFiles/bn.dir/shift.c.o
[INFO] [stderr]   [ 26%] Building C object third_party/boringssl/crypto/evp/CMakeFiles/evp.dir/sign.c.o
[INFO] [stderr]   [ 26%] Building C object CMakeFiles/gpr.dir/src/core/lib/support/env_posix.c.o
[INFO] [stderr]   [ 26%] Building C object third_party/cares/cares/CMakeFiles/c-ares.dir/ares_free_string.c.o
[INFO] [stderr]   [ 26%] Building C object third_party/zlib/CMakeFiles/zlibstatic.dir/inflate.o
[INFO] [stderr]   [ 26%] Building C object CMakeFiles/gpr.dir/src/core/lib/support/env_windows.c.o
[INFO] [stderr]   [ 26%] Building C object CMakeFiles/gpr.dir/src/core/lib/support/env_linux.c.o
[INFO] [stderr]   [ 26%] Building C object third_party/boringssl/crypto/asn1/CMakeFiles/asn1.dir/f_string.c.o
[INFO] [stderr]   [ 26%] Building C object third_party/cares/cares/CMakeFiles/c-ares.dir/ares_getenv.c.o
[INFO] [stderr]   [ 28%] Building C object third_party/cares/cares/CMakeFiles/c-ares.dir/ares_gethostbyaddr.c.o
[INFO] [stderr]   [ 28%] Building C object third_party/boringssl/crypto/asn1/CMakeFiles/asn1.dir/f_int.c.o
[INFO] [stderr]   [ 28%] Building C object third_party/boringssl/crypto/asn1/CMakeFiles/asn1.dir/t_bitst.c.o
[INFO] [stderr]   [ 28%] Building C object third_party/cares/cares/CMakeFiles/c-ares.dir/ares_getnameinfo.c.o
[INFO] [stderr]   [ 28%] Building C object third_party/cares/cares/CMakeFiles/c-ares.dir/ares_gethostbyname.c.o
[INFO] [stderr]   [ 28%] Building C object third_party/boringssl/crypto/x509v3/CMakeFiles/x509v3.dir/pcy_tree.c.o
[INFO] [stderr]   [ 28%] Building C object third_party/boringssl/crypto/bn/CMakeFiles/bn.dir/sqrt.c.o
[INFO] [stderr]   [ 28%] Building C object third_party/boringssl/crypto/x509/CMakeFiles/x509.dir/rsa_pss.c.o
[INFO] [stderr]   [ 28%] Building C object third_party/boringssl/crypto/x509/CMakeFiles/x509.dir/t_crl.c.o
[INFO] [stderr]   [ 28%] Building C object third_party/boringssl/crypto/asn1/CMakeFiles/asn1.dir/tasn_dec.c.o
[INFO] [stderr]   [ 28%] Building C object third_party/boringssl/crypto/x509/CMakeFiles/x509.dir/t_x509.c.o
[INFO] [stderr]   [ 28%] Building C object third_party/zlib/CMakeFiles/zlibstatic.dir/inftrees.o
[INFO] [stderr]   [ 28%] Built target pem
[INFO] [stderr]   Scanning dependencies of target err
[INFO] [stderr]   [ 28%] Building C object third_party/cares/cares/CMakeFiles/c-ares.dir/ares_getsock.c.o
[INFO] [stderr]   [ 28%] Building C object third_party/boringssl/crypto/err/CMakeFiles/err.dir/err.c.o
[INFO] [stderr]   [ 28%] Building C object third_party/boringssl/crypto/x509/CMakeFiles/x509.dir/t_req.c.o
[INFO] [stderr]   [ 28%] Building C object third_party/boringssl/crypto/x509v3/CMakeFiles/x509v3.dir/v3_akey.c.o
[INFO] [stderr]   [ 28%] Building C object third_party/zlib/CMakeFiles/zlibstatic.dir/infback.o
[INFO] [stderr]   [ 28%] Building C object CMakeFiles/gpr.dir/src/core/lib/support/fork.c.o
[INFO] [stderr]   [ 28%] Building C object CMakeFiles/gpr.dir/src/core/lib/support/histogram.c.o
[INFO] [stderr]   [ 28%] Building C object third_party/zlib/CMakeFiles/zlibstatic.dir/inffast.o
[INFO] [stderr]   [ 28%] Building C object third_party/boringssl/crypto/x509/CMakeFiles/x509.dir/t_x509a.c.o
[INFO] [stderr]   [ 28%] Building C object third_party/boringssl/crypto/asn1/CMakeFiles/asn1.dir/tasn_enc.c.o
[INFO] [stderr]   [ 28%] Building C object third_party/boringssl/crypto/x509v3/CMakeFiles/x509v3.dir/v3_akeya.c.o
[INFO] [stderr]   [ 28%] Building C object CMakeFiles/gpr.dir/src/core/lib/support/host_port.c.o
[INFO] [stderr]   [ 28%] Built target evp
[INFO] [stderr]   [ 28%] Building C object third_party/zlib/CMakeFiles/zlibstatic.dir/trees.o
[INFO] [stderr]   [ 28%] Building C object third_party/cares/cares/CMakeFiles/c-ares.dir/ares_library_init.c.o
[INFO] [stderr]   [ 28%] Building C object third_party/cares/cares/CMakeFiles/c-ares.dir/ares_init.c.o
[INFO] [stderr]   [ 28%] Building C object third_party/boringssl/crypto/x509/CMakeFiles/x509.dir/x509_att.c.o
[INFO] [stderr]   [ 28%] Building C object third_party/zlib/CMakeFiles/zlibstatic.dir/zutil.o
[INFO] [stderr]   [ 28%] Building C object third_party/zlib/CMakeFiles/zlibstatic.dir/uncompr.o
[INFO] [stderr]   [ 28%] Building C object third_party/boringssl/crypto/err/CMakeFiles/err.dir/err_data.c.o
[INFO] [stderr]   [ 28%] Building C object third_party/boringssl/crypto/x509v3/CMakeFiles/x509v3.dir/v3_alt.c.o
[INFO] [stderr]   [ 28%] Building C object third_party/boringssl/crypto/asn1/CMakeFiles/asn1.dir/tasn_fre.c.o
[INFO] [stderr]   [ 28%] Building C object CMakeFiles/gpr.dir/src/core/lib/support/log_android.c.o
[INFO] [stderr]   [ 28%] Building C object third_party/cares/cares/CMakeFiles/c-ares.dir/ares_llist.c.o
[INFO] [stderr]   [ 28%] Building C object third_party/boringssl/crypto/x509/CMakeFiles/x509.dir/x509.c.o
[INFO] [stderr]   [ 28%] Building C object CMakeFiles/gpr.dir/src/core/lib/support/log.c.o
[INFO] [stderr]   [ 28%] Building C object third_party/cares/cares/CMakeFiles/c-ares.dir/ares_mkquery.c.o
[INFO] [stderr]   [ 28%] Building C object third_party/boringssl/crypto/x509/CMakeFiles/x509.dir/x509_cmp.c.o
[INFO] [stderr]   [ 28%] Building C object third_party/boringssl/crypto/x509v3/CMakeFiles/x509v3.dir/v3_bcons.c.o
[INFO] [stderr]   [ 28%] Building C object CMakeFiles/gpr.dir/src/core/lib/support/log_posix.c.o
[INFO] [stderr]   [ 30%] Building C object third_party/boringssl/crypto/x509/CMakeFiles/x509.dir/x509_d2.c.o
[INFO] [stderr]   [ 30%] Building C object CMakeFiles/gpr.dir/src/core/lib/support/log_linux.c.o
[INFO] [stderr]   [ 30%] Building C object third_party/boringssl/crypto/x509/CMakeFiles/x509.dir/x509_def.c.o
[INFO] [stderr]   [ 30%] Built target bn
[INFO] [stderr]   [ 30%] Building C object third_party/boringssl/crypto/x509/CMakeFiles/x509.dir/x509_ext.c.o
[INFO] [stderr]   [ 30%] Building C object third_party/cares/cares/CMakeFiles/c-ares.dir/ares_create_query.c.o
[INFO] [stderr]   [ 30%] Building C object third_party/boringssl/crypto/x509/CMakeFiles/x509.dir/x509_lu.c.o
[INFO] [stderr]   [ 30%] Building C object third_party/boringssl/crypto/asn1/CMakeFiles/asn1.dir/tasn_new.c.o
[INFO] [stderr]   [ 30%] Building C object third_party/cares/cares/CMakeFiles/c-ares.dir/ares_nowarn.c.o
[INFO] [stderr]   [ 30%] Building C object third_party/cares/cares/CMakeFiles/c-ares.dir/ares_options.c.o
[INFO] [stderr]   [ 30%] Building C object third_party/boringssl/crypto/x509v3/CMakeFiles/x509v3.dir/v3_bitst.c.o
[INFO] [stderr]   [ 30%] Built target err
[INFO] [stderr]   [ 30%] Building C object third_party/cares/cares/CMakeFiles/c-ares.dir/ares_parse_a_reply.c.o
[INFO] [stderr]   [ 30%] Building C object third_party/boringssl/crypto/x509/CMakeFiles/x509.dir/x509_obj.c.o
[INFO] [stderr]   [ 30%] Building C object third_party/boringssl/crypto/asn1/CMakeFiles/asn1.dir/tasn_utl.c.o
[INFO] [stderr]   [ 33%] Building C object third_party/boringssl/crypto/x509v3/CMakeFiles/x509v3.dir/v3_enum.c.o
[INFO] [stderr]   [ 33%] Building C object third_party/boringssl/crypto/x509v3/CMakeFiles/x509v3.dir/v3_conf.c.o
[INFO] [stderr]   [ 33%] Building C object third_party/boringssl/crypto/x509v3/CMakeFiles/x509v3.dir/v3_crld.c.o
[INFO] [stderr]   [ 33%] Building C object third_party/boringssl/crypto/asn1/CMakeFiles/asn1.dir/x_bignum.c.o
[INFO] [stderr]   [ 33%] Building C object third_party/boringssl/crypto/x509v3/CMakeFiles/x509v3.dir/v3_extku.c.o
[INFO] [stderr]   [ 35%] Building C object third_party/boringssl/crypto/asn1/CMakeFiles/asn1.dir/tasn_typ.c.o
[INFO] [stderr]   [ 38%] Building C object CMakeFiles/gpr.dir/src/core/lib/support/log_windows.c.o
[INFO] [stderr]   [ 38%] Building C object third_party/boringssl/crypto/x509/CMakeFiles/x509.dir/x509_req.c.o
[INFO] [stderr]   [ 38%] Building C object third_party/boringssl/crypto/asn1/CMakeFiles/asn1.dir/time_support.c.o
[INFO] [stderr]   [ 38%] Building C object third_party/boringssl/crypto/x509/CMakeFiles/x509.dir/x509_set.c.o
[INFO] [stderr]   [ 38%] Building C object third_party/boringssl/crypto/x509/CMakeFiles/x509.dir/x509_r2x.c.o
[INFO] [stderr]   [ 38%] Building C object third_party/cares/cares/CMakeFiles/c-ares.dir/ares_parse_aaaa_reply.c.o
[INFO] [stderr]   [ 38%] Building C object third_party/boringssl/crypto/x509v3/CMakeFiles/x509v3.dir/v3_cpols.c.o
[INFO] [stderr]   [ 38%] Building C object third_party/cares/cares/CMakeFiles/c-ares.dir/ares_parse_mx_reply.c.o
[INFO] [stderr]   [ 38%] Building C object third_party/boringssl/crypto/asn1/CMakeFiles/asn1.dir/x_long.c.o
[INFO] [stderr]   [ 38%] Building C object third_party/boringssl/crypto/x509/CMakeFiles/x509.dir/x509_trs.c.o
[INFO] [stderr]   [ 38%] Building C object third_party/cares/cares/CMakeFiles/c-ares.dir/ares_parse_naptr_reply.c.o
[INFO] [stderr]   [ 38%] Building C object third_party/boringssl/crypto/x509v3/CMakeFiles/x509v3.dir/v3_genn.c.o
[INFO] [stderr]   [ 38%] Building C object third_party/boringssl/crypto/x509/CMakeFiles/x509.dir/x509_txt.c.o
[INFO] [stderr]   [ 38%] Building C object third_party/boringssl/crypto/x509v3/CMakeFiles/x509v3.dir/v3_ia5.c.o
[INFO] [stderr]   [ 38%] Building C object third_party/boringssl/crypto/x509v3/CMakeFiles/x509v3.dir/v3_info.c.o
[INFO] [stderr]   [ 38%] Building C object third_party/cares/cares/CMakeFiles/c-ares.dir/ares_parse_ns_reply.c.o
[INFO] [stderr]   [ 38%] Building C object third_party/cares/cares/CMakeFiles/c-ares.dir/ares_parse_ptr_reply.c.o
[INFO] [stderr]   [ 40%] Building C object third_party/cares/cares/CMakeFiles/c-ares.dir/ares_parse_soa_reply.c.o
[INFO] [stderr]   [ 38%] Building C object third_party/boringssl/crypto/x509v3/CMakeFiles/x509v3.dir/v3_int.c.o
[INFO] [stderr]   [ 40%] Building C object third_party/boringssl/crypto/x509/CMakeFiles/x509.dir/x509_vpm.c.o
[INFO] [stderr]   [ 40%] Building C object third_party/boringssl/crypto/x509/CMakeFiles/x509.dir/x509_v3.c.o
[INFO] [stderr]   [ 40%] Building C object third_party/cares/cares/CMakeFiles/c-ares.dir/ares_parse_srv_reply.c.o
[INFO] [stderr]   [ 40%] Building C object third_party/boringssl/crypto/x509/CMakeFiles/x509.dir/x509_vfy.c.o
[INFO] [stderr]   [ 40%] Building C object third_party/boringssl/crypto/x509/CMakeFiles/x509.dir/x509name.c.o
[INFO] [stderr]   [ 40%] Building C object third_party/boringssl/crypto/x509v3/CMakeFiles/x509v3.dir/v3_lib.c.o
[INFO] [stderr]   [ 40%] Building C object third_party/boringssl/crypto/x509/CMakeFiles/x509.dir/x509cset.c.o
[INFO] [stderr]   [ 40%] Building C object third_party/cares/cares/CMakeFiles/c-ares.dir/ares_platform.c.o
[INFO] [stderr]   [ 40%] Building C object third_party/boringssl/crypto/x509v3/CMakeFiles/x509v3.dir/v3_pci.c.o
[INFO] [stderr]   [ 40%] Building C object third_party/boringssl/crypto/x509v3/CMakeFiles/x509v3.dir/v3_pcia.c.o
[INFO] [stderr]   [ 40%] Building C object third_party/cares/cares/CMakeFiles/c-ares.dir/ares_parse_txt_reply.c.o
[INFO] [stderr]   [ 40%] Building C object third_party/boringssl/crypto/x509v3/CMakeFiles/x509v3.dir/v3_ncons.c.o
[INFO] [stderr]   [ 40%] Building C object third_party/boringssl/crypto/x509v3/CMakeFiles/x509v3.dir/v3_pcons.c.o
[INFO] [stderr]   [ 42%] Building C object third_party/boringssl/crypto/x509/CMakeFiles/x509.dir/x509spki.c.o
[INFO] [stderr]   [ 42%] Building C object third_party/boringssl/crypto/x509/CMakeFiles/x509.dir/x509rset.c.o
[INFO] [stderr]   [ 42%] Building C object third_party/boringssl/crypto/x509v3/CMakeFiles/x509v3.dir/v3_pku.c.o
[INFO] [stderr]   [ 42%] Building C object third_party/boringssl/crypto/x509v3/CMakeFiles/x509v3.dir/v3_pmaps.c.o
[INFO] [stderr]   [ 42%] Building C object third_party/cares/cares/CMakeFiles/c-ares.dir/ares_process.c.o
[INFO] [stderr]   [ 42%] Building C object third_party/boringssl/crypto/x509/CMakeFiles/x509.dir/x509type.c.o
[INFO] [stderr]   [ 45%] Linking C static library libz.a
[INFO] [stderr]   [ 45%] Building C object third_party/cares/cares/CMakeFiles/c-ares.dir/ares_query.c.o
[INFO] [stderr]   [ 45%] Building C object third_party/cares/cares/CMakeFiles/c-ares.dir/ares_search.c.o
[INFO] [stderr]   [ 45%] Building C object third_party/boringssl/crypto/x509v3/CMakeFiles/x509v3.dir/v3_prn.c.o
[INFO] [stderr]   [ 45%] Building C object third_party/boringssl/crypto/x509/CMakeFiles/x509.dir/x_algor.c.o
[INFO] [stderr]   [ 45%] Building C object third_party/boringssl/crypto/x509/CMakeFiles/x509.dir/x_all.c.o
[INFO] [stderr]   [ 45%] Building C object third_party/boringssl/crypto/x509/CMakeFiles/x509.dir/x_attrib.c.o
[INFO] [stderr]   [ 45%] Built target asn1
[INFO] [stderr]   [ 45%] Building C object third_party/boringssl/crypto/x509v3/CMakeFiles/x509v3.dir/v3_purp.c.o
[INFO] [stderr]   [ 45%] Building C object third_party/boringssl/crypto/x509v3/CMakeFiles/x509v3.dir/v3_skey.c.o
[INFO] [stderr]   [ 45%] Building C object third_party/cares/cares/CMakeFiles/c-ares.dir/ares_send.c.o
[INFO] [stderr]   [ 45%] Building C object third_party/boringssl/crypto/x509/CMakeFiles/x509.dir/x_crl.c.o
[INFO] [stderr]   [ 45%] Building C object third_party/boringssl/crypto/x509v3/CMakeFiles/x509v3.dir/v3_sxnet.c.o
[INFO] [stderr]   [ 45%] Building C object third_party/cares/cares/CMakeFiles/c-ares.dir/ares_strdup.c.o
[INFO] [stderr]   [ 45%] Building C object third_party/boringssl/crypto/x509/CMakeFiles/x509.dir/x_exten.c.o
[INFO] [stderr]   [ 45%] Building C object third_party/boringssl/crypto/x509/CMakeFiles/x509.dir/x_name.c.o
[INFO] [stderr]   [ 45%] Building C object third_party/cares/cares/CMakeFiles/c-ares.dir/ares_strcasecmp.c.o
[INFO] [stderr]   [ 45%] Building C object third_party/boringssl/crypto/x509/CMakeFiles/x509.dir/x_info.c.o
[INFO] [stderr]   [ 45%] Building C object third_party/boringssl/crypto/x509/CMakeFiles/x509.dir/x_pubkey.c.o
[INFO] [stderr]   [ 45%] Building C object third_party/boringssl/crypto/x509/CMakeFiles/x509.dir/x_pkey.c.o
[INFO] [stderr]   [ 45%] Building C object third_party/cares/cares/CMakeFiles/c-ares.dir/ares_strerror.c.o
[INFO] [stderr]   [ 47%] Building C object third_party/boringssl/crypto/x509v3/CMakeFiles/x509v3.dir/v3_utl.c.o
[INFO] [stderr]   [ 47%] Building C object third_party/boringssl/crypto/x509/CMakeFiles/x509.dir/x_sig.c.o
[INFO] [stderr]   [ 47%] Building C object third_party/cares/cares/CMakeFiles/c-ares.dir/ares_timeout.c.o
[INFO] [stderr]   [ 47%] Building C object third_party/cares/cares/CMakeFiles/c-ares.dir/ares_version.c.o
[INFO] [stderr]   [ 47%] Building C object third_party/cares/cares/CMakeFiles/c-ares.dir/ares_writev.c.o
[INFO] [stderr]   [ 47%] Building C object third_party/boringssl/crypto/x509/CMakeFiles/x509.dir/x_req.c.o
[INFO] [stderr]   [ 47%] Building C object third_party/boringssl/crypto/x509/CMakeFiles/x509.dir/x_val.c.o
[INFO] [stderr]   [ 47%] Building C object third_party/cares/cares/CMakeFiles/c-ares.dir/bitncmp.c.o
[INFO] [stderr]   [ 47%] Building C object third_party/boringssl/crypto/x509/CMakeFiles/x509.dir/x_spki.c.o
[INFO] [stderr]   [ 47%] Building C object third_party/boringssl/crypto/x509/CMakeFiles/x509.dir/x_x509.c.o
[INFO] [stderr]   [ 47%] Building C object third_party/boringssl/crypto/x509/CMakeFiles/x509.dir/x_x509a.c.o
[INFO] [stderr]   [ 47%] Built target zlibstatic
[INFO] [stderr]   [ 47%] Building C object third_party/cares/cares/CMakeFiles/c-ares.dir/inet_net_pton.c.o
[INFO] [stderr]   [ 47%] Building C object third_party/cares/cares/CMakeFiles/c-ares.dir/inet_ntop.c.o
[INFO] [stderr]   [ 50%] Building C object third_party/cares/cares/CMakeFiles/c-ares.dir/windows_port.c.o
[INFO] [stderr]   [ 50%] Built target x509v3
[INFO] [stderr]   [ 50%] Linking C static library lib/libcares.a
[INFO] [stderr]   [ 50%] Built target x509
[INFO] [stderr]   [ 50%] Built target c-ares
[INFO] [stderr] 
[INFO] [stderr]   --- stderr
[INFO] [stderr]   CMake Warning at CMakeLists.txt:122 (message):
[INFO] [stderr]     gRPC_INSTALL will be forced to FALSE because gRPC_ZLIB_PROVIDER is "module"
[INFO] [stderr] 
[INFO] [stderr] 
[INFO] [stderr]   CMake Warning at CMakeLists.txt:184 (message):
[INFO] [stderr]     gRPC_PROTOBUF_PROVIDER is "module" but PROTOBUF_ROOT_DIR is wrong
[INFO] [stderr] 
[INFO] [stderr] 
[INFO] [stderr]   CMake Warning at CMakeLists.txt:251 (message):
[INFO] [stderr]     gRPC_GFLAGS_PROVIDER is "module" but GFLAGS_ROOT_DIR is wrong
[INFO] [stderr] 
[INFO] [stderr] 
[INFO] [stderr]   CMake Warning at CMakeLists.txt:271 (message):
[INFO] [stderr]     gRPC_BENCHMARK_PROVIDER is "module" but BENCHMARK_ROOT_DIR is wrong
[INFO] [stderr] 
[INFO] [stderr] 
[INFO] [stderr]   /opt/rustwide/cargo-home/registry/src/github.com-1ecc6299db9ec823/ekiden-grpcio-sys-0.2.4/grpc/src/core/lib/support/log_linux.c:42:13: error: conflicting types for 'gettid'
[INFO] [stderr]      42 | static long gettid(void) { return syscall(__NR_gettid); }
[INFO] [stderr]         |             ^~~~~~
[INFO] [stderr]   In file included from /usr/include/unistd.h:1170,
[INFO] [stderr]                    from /opt/rustwide/cargo-home/registry/src/github.com-1ecc6299db9ec823/ekiden-grpcio-sys-0.2.4/grpc/src/core/lib/support/log_linux.c:40:
[INFO] [stderr]   /usr/include/x86_64-linux-gnu/bits/unistd_ext.h:34:16: note: previous declaration of 'gettid' was here
[INFO] [stderr]      34 | extern __pid_t gettid (void) __THROW;
[INFO] [stderr]         |                ^~~~~~
[INFO] [stderr]   make[3]: *** [CMakeFiles/gpr.dir/build.make:323: CMakeFiles/gpr.dir/src/core/lib/support/log_linux.c.o] Error 1
[INFO] [stderr]   make[3]: *** Waiting for unfinished jobs....
[INFO] [stderr]   make[2]: *** [CMakeFiles/Makefile2:1701: CMakeFiles/gpr.dir/all] Error 2
[INFO] [stderr]   make[2]: *** Waiting for unfinished jobs....
[INFO] [stderr]   make[1]: *** [CMakeFiles/Makefile2:1825: CMakeFiles/grpc.dir/rule] Error 2
[INFO] [stderr]   make: *** [Makefile:281: grpc] Error 2
[INFO] [stderr]   thread 'main' panicked at '
[INFO] [stderr]   command did not execute successfully, got: exit status: 2
[INFO] [stderr] 
[INFO] [stderr]   build script failed, must exit now', /opt/rustwide/cargo-home/registry/src/github.com-1ecc6299db9ec823/cmake-0.1.45/src/lib.rs:894:5
[INFO] [stderr]   stack backtrace:
[INFO] [stderr]      0:     0x55cc97e0f4c0 - std::backtrace_rs::backtrace::libunwind::trace::hdcf4f90f85129e83
[INFO] [stderr]                                  at /rustc/881c1ac408d93bb7adaa3a51dabab9266e82eee8/library/std/src/../../backtrace/src/backtrace/libunwind.rs:90:5
[INFO] [stderr]      1:     0x55cc97e0f4c0 - std::backtrace_rs::backtrace::trace_unsynchronized::h2669e30cb82f6732
[INFO] [stderr]                                  at /rustc/881c1ac408d93bb7adaa3a51dabab9266e82eee8/library/std/src/../../backtrace/src/backtrace/mod.rs:66:5
[INFO] [stderr]      2:     0x55cc97e0f4c0 - std::sys_common::backtrace::_print_fmt::hfbda19e17f6db318
[INFO] [stderr]                                  at /rustc/881c1ac408d93bb7adaa3a51dabab9266e82eee8/library/std/src/sys_common/backtrace.rs:67:5
[INFO] [stderr]      3:     0x55cc97e0f4c0 - <std::sys_common::backtrace::_print::DisplayBacktrace as core::fmt::Display>::fmt::h1a8751bf59281272
[INFO] [stderr]                                  at /rustc/881c1ac408d93bb7adaa3a51dabab9266e82eee8/library/std/src/sys_common/backtrace.rs:46:22
[INFO] [stderr]      4:     0x55cc97e3053f - core::fmt::write::h7aa6cd0067dca82a
[INFO] [stderr]                                  at /rustc/881c1ac408d93bb7adaa3a51dabab9266e82eee8/library/core/src/fmt/mod.rs:1094:17
[INFO] [stderr]      5:     0x55cc97e0bb55 - std::io::Write::write_fmt::hd7dd3a1df9b6befb
[INFO] [stderr]                                  at /rustc/881c1ac408d93bb7adaa3a51dabab9266e82eee8/library/std/src/io/mod.rs:1584:15
[INFO] [stderr]      6:     0x55cc97e11b0b - std::sys_common::backtrace::_print::h551e9ec8a9fa8106
[INFO] [stderr]                                  at /rustc/881c1ac408d93bb7adaa3a51dabab9266e82eee8/library/std/src/sys_common/backtrace.rs:49:5
[INFO] [stderr]      7:     0x55cc97e11b0b - std::sys_common::backtrace::print::ha4b1c5e95fa040b3
[INFO] [stderr]                                  at /rustc/881c1ac408d93bb7adaa3a51dabab9266e82eee8/library/std/src/sys_common/backtrace.rs:36:9
[INFO] [stderr]      8:     0x55cc97e11b0b - std::panicking::default_hook::{{closure}}::h0b34c9ab7fb9f857
[INFO] [stderr]                                  at /rustc/881c1ac408d93bb7adaa3a51dabab9266e82eee8/library/std/src/panicking.rs:208:50
[INFO] [stderr]      9:     0x55cc97e115ed - std::panicking::default_hook::h3067e8318decd17a
[INFO] [stderr]                                  at /rustc/881c1ac408d93bb7adaa3a51dabab9266e82eee8/library/std/src/panicking.rs:225:9
[INFO] [stderr]     10:     0x55cc97e120bd - std::panicking::rust_panic_with_hook::h81b8facc50f34daa
[INFO] [stderr]                                  at /rustc/881c1ac408d93bb7adaa3a51dabab9266e82eee8/library/std/src/panicking.rs:591:17
[INFO] [stderr]     11:     0x55cc97e11cb7 - std::panicking::begin_panic_handler::{{closure}}::ha376ab85d95a000e
[INFO] [stderr]                                  at /rustc/881c1ac408d93bb7adaa3a51dabab9266e82eee8/library/std/src/panicking.rs:497:13
[INFO] [stderr]     12:     0x55cc97e0f97c - std::sys_common::backtrace::__rust_end_short_backtrace::h6795c8afdd1a77e6
[INFO] [stderr]                                  at /rustc/881c1ac408d93bb7adaa3a51dabab9266e82eee8/library/std/src/sys_common/backtrace.rs:141:18
[INFO] [stderr]     13:     0x55cc97e11c19 - rust_begin_unwind
[INFO] [stderr]                                  at /rustc/881c1ac408d93bb7adaa3a51dabab9266e82eee8/library/std/src/panicking.rs:493:5
[INFO] [stderr]     14:     0x55cc97d57bfb - std::panicking::begin_panic_fmt::hf43a0025042538e2
[INFO] [stderr]                                  at /rustc/881c1ac408d93bb7adaa3a51dabab9266e82eee8/library/std/src/panicking.rs:435:5
[INFO] [stderr]     15:     0x55cc97d8c803 - cmake::fail::h2ddf44b1720abb19
[INFO] [stderr]                                  at /opt/rustwide/cargo-home/registry/src/github.com-1ecc6299db9ec823/cmake-0.1.45/src/lib.rs:894:5
[INFO] [stderr]     16:     0x55cc97d8c162 - cmake::run::hb7c356f0ec84c091
[INFO] [stderr]                                  at /opt/rustwide/cargo-home/registry/src/github.com-1ecc6299db9ec823/cmake-0.1.45/src/lib.rs:872:9
[INFO] [stderr]     17:     0x55cc97d8905b - cmake::Config::build::hd786327d906d1c61
[INFO] [stderr]                                  at /opt/rustwide/cargo-home/registry/src/github.com-1ecc6299db9ec823/cmake-0.1.45/src/lib.rs:778:9
[INFO] [stderr]     18:     0x55cc97d59752 - build_script_build::build_grpc::h77a5aafe90973de5
[INFO] [stderr]                                  at /opt/rustwide/cargo-home/registry/src/github.com-1ecc6299db9ec823/ekiden-grpcio-sys-0.2.4/build.rs:78:9
[INFO] [stderr]     19:     0x55cc97d5a42f - build_script_build::main::h64999b1b81094204
[INFO] [stderr]                                  at /opt/rustwide/cargo-home/registry/src/github.com-1ecc6299db9ec823/ekiden-grpcio-sys-0.2.4/build.rs:157:9
[INFO] [stderr]     20:     0x55cc97d5b4bb - core::ops::function::FnOnce::call_once::hb52938b7b93b73ee
[INFO] [stderr]                                  at /rustc/881c1ac408d93bb7adaa3a51dabab9266e82eee8/library/core/src/ops/function.rs:227:5
[INFO] [stderr]     21:     0x55cc97d5ba8e - std::sys_common::backtrace::__rust_begin_short_backtrace::hd424edc4b6b76ca9
[INFO] [stderr]                                  at /rustc/881c1ac408d93bb7adaa3a51dabab9266e82eee8/library/std/src/sys_common/backtrace.rs:125:18
[INFO] [stderr]     22:     0x55cc97d5b181 - std::rt::lang_start::{{closure}}::h70300259b482eaf0
[INFO] [stderr]                                  at /rustc/881c1ac408d93bb7adaa3a51dabab9266e82eee8/library/std/src/rt.rs:49:18
[INFO] [stderr]     23:     0x55cc97e124ba - core::ops::function::impls::<impl core::ops::function::FnOnce<A> for &F>::call_once::h3b8c329143d7638a
[INFO] [stderr]                                  at /rustc/881c1ac408d93bb7adaa3a51dabab9266e82eee8/library/core/src/ops/function.rs:259:13
[INFO] [stderr]     24:     0x55cc97e124ba - std::panicking::try::do_call::h4b72c261b4eefc1b
[INFO] [stderr]                                  at /rustc/881c1ac408d93bb7adaa3a51dabab9266e82eee8/library/std/src/panicking.rs:379:40
[INFO] [stderr]     25:     0x55cc97e124ba - std::panicking::try::h703d31b7896cbd49
[INFO] [stderr]                                  at /rustc/881c1ac408d93bb7adaa3a51dabab9266e82eee8/library/std/src/panicking.rs:343:19
[INFO] [stderr]     26:     0x55cc97e124ba - std::panic::catch_unwind::h37cad9b35388a915
[INFO] [stderr]                                  at /rustc/881c1ac408d93bb7adaa3a51dabab9266e82eee8/library/std/src/panic.rs:431:14
[INFO] [stderr]     27:     0x55cc97e124ba - std::rt::lang_start_internal::hab5a8a909af4f90e
[INFO] [stderr]                                  at /rustc/881c1ac408d93bb7adaa3a51dabab9266e82eee8/library/std/src/rt.rs:34:21
[INFO] [stderr]     28:     0x55cc97d5b160 - std::rt::lang_start::hc6f1bce4a5881aa9
[INFO] [stderr]                                  at /rustc/881c1ac408d93bb7adaa3a51dabab9266e82eee8/library/std/src/rt.rs:48:5
[INFO] [stderr]     29:     0x55cc97d5a54c - main
[INFO] [stderr]     30:     0x7f3ebcef50b3 - __libc_start_main
[INFO] [stderr]     31:     0x55cc97d58a9e - _start
[INFO] [stderr]     32:                0x0 - <unknown>
[INFO] running `Command { std: "docker" "inspect" "3f20ebd4c88e7f75932c9c90483644d9160b6381ad44ca79ba2ff770823a5b17", kill_on_drop: false }`
[INFO] running `Command { std: "docker" "rm" "-f" "3f20ebd4c88e7f75932c9c90483644d9160b6381ad44ca79ba2ff770823a5b17", kill_on_drop: false }`
[INFO] [stdout] 3f20ebd4c88e7f75932c9c90483644d9160b6381ad44ca79ba2ff770823a5b17
